 ((-28)/s)/((-3)/(-9)). Let p(t) = q*t**2 - 1 - 1 - t - 3*t**2 + t**2. What is p(-2)?
20
Let z(j) be the first derivative of 9*j**2/2 + 47*j - 61. Let w(f) = 4*f + 21. Let q(b) = -7*w(b) + 3*z(b). Calculate q(0).
-6
Let b(q) = -3 + q + 3 + 2*q + 0*q. Let r(v) = 19*v - 4. Let f(x) = -5*b(x) + r(x). Determine f(4).
12
Let k be 0 + ((-4)/(-14) - (-19)/7). Let q(a) = a**k - 262 + 0*a + 270 + a + 6*a**2. What is q(-6)?
2
Let c be -99*(-3)/54 + (-1)/2. Let k(a) = -6*a**3 - a**3 - 5*a**2 - 2*a + 0*a**2 + 8*a**3 - 2. Determine k(c).
-12
Let v(i) be the third derivative of -i**4/8 + 10*i**3 + 1086*i**2. Give v(19).
3
Let i(m) be the second derivative of 7*m**3/6 + 9*m**2/2 + 1041*m - 1. What is i(-1)?
2
Let b(k) = 75*k + 411. Let h(q) = -225*q - 1133. Let m(u) = 11*b(u) + 4*h(u). Calculate m(-1).
64
Let b(n) = -n**3 + 2*n + 1. Let t be b(-2). Suppose -28 = -3*x + 2*l - l, -5*l = t*x - 40. Let k(z) = -x*z + 4*z + 0*z + 3*z - 9. Calculate k(-7).
5
Let m be ((-9)/(-6))/3*(-5 - -59). Let f(c) = -m - 601*c + 300*c + 302*c. Determine f(10).
-17
Let h(u) = 73*u + 809. Let r be h(-11). Let x(z) = -z**3 + 7*z**2 - 9*z + 12. What is x(r)?
-6
Let g(s) = s**3 + s**2 - s + 2. Let m(r) = -r**2 + 17*r + 40. Let l be ((-5 - 1)/3 + -17)*-1. Let d be m(l). Give g(d).
12
Let d(w) = w**2 - 2*w + 3. Suppose 6*j + 6 - 66 = -6*j. What is d(j)?
18
Suppose -5*g = -93 + 240 - 117. Let i(v) = 3*v**2 + 21*v + 21. Give i(g).
3
Suppose 15*k + 18 = 3*f + 11*k, 0 = -5*f - 3*k + 59. Let c(n) = n**3 - 9*n**2 - 109. Give c(f).
-9
Let v(q) = q**3 + 8*q**2 + 6*q - 2. Suppose -16*i + 17*i = 1. Let u be (i - (-8 - -2)) + -14. Determine v(u).
5
Let o(h) = 3*h - 6. Suppose 0 = 5*j - 4*f + 2324, -2*j - 2*f - 274 - 652 = 0. Let a = j + 467. Calculate o(a).
3
Let s(t) = -8*t + 25. Let c(j) = -72*j + 221. Let v(o) = -2*c(o) + 19*s(o). What is v(5)?
-7
Suppose -107 = 4*n + 137. Let c be (-25 + -4)*(1 - 3). Let b = n + c. Let x(d) = 3*d - 4. What is x(b)?
-13
Let u(l) = -l + 1. Let d(c) = -4*c**2 - 9*c + 9. Let r(q) = -d(q) + 6*u(q). Suppose -3*g - 55 + 157 = -5*h, -5*h - 44 = -g. Suppose -7*w + g = 50. What is r(w)?
24
Let d(c) = 694*c + 688*c - 1374*c - 20 - c**2. What is d(7)?
-13
Let u(c) = 5*c - 1. Let x be u(1). Suppose -3*n + x*v - 14 = 0, -n + 3*v + 0*v - 13 = 0. Let d(m) = m**3 - 5*m**2 + m + 4. Calculate d(n).
-6
Suppose -4*n + 12 = 0, -c + 3*n + 0 - 2 = 0. Let t(g) = -g**3 + 6*g**2 + 7*g - 11. Give t(c).
-11
Let y(p) = -p**3 + 3*p**2 + 5*p - 1. Let d be y(4). Let s(z) = -d*z + 2 - 1 + z. Let a(x) = -5*x**2 - 46*x + 260. Let h be a(4). What is s(h)?
9
Let u be (11 + -23 + 10)/(4/16). Let f(c) = c**2 + 4*c - 7. What is f(u)?
25
Let o(w) = -w**2 + 93*w + 595. Let l be (-12)/3 + 20/4 - 7. Calculate o(l).
1
Let t(x) be the second derivative of -x**4/6 + 8*x**3/3 - 16*x**2 - 5*x + 10. Calculate t(4).
0
Let x(l) be the first derivative of -9*l**2/2 + l - 16. Suppose 4*n - 5*n = -39. Let z be 6/(-4)*26/n. Give x(z).
10
Let o be ((-8748)/246)/9 - 12/246. Let s(h) = 52*h + 212. Calculate s(o).
4
Let r(m) = -27*m + 3*m**2 - m**3 - 9 + 2*m**2 + 7 + 26*m. Let s(u) be the second derivative of -u**3/6 + 3*u. Let o be s(-4). Calculate r(o).
10
Let p be 4*(41/164)/(2 + 0). Let c(v) be the second derivative of 2*v**2 + 3*v - p*v**3 + 0. Determine c(3).
-5
Let m(y) = -y**3 - 10*y**2 - 33*y - 45. Let u be m(-4). Let v(h) = h**3 + 10*h**2 + 14*h + 36. Calculate v(u).
-9
Let h = -167 + 177. Let l(r) = 36*r**2 - 6*r - r**3 - h*r**2 - 17*r**2 - 16*r**2 - 3. What is l(-5)?
-23
Let r(i) = i**3 + 11*i**2 + 8*i + 2. Suppose 10*h - 18*h = -272. Suppose 5*z - 2*k = -58, -10*z + 13*z + h = k. What is r(z)?
22
Let d(q) = -1 + 1 - q + 2. Let g(h) = h**3 + 17*h**2 + 16*h + 5. Let f be g(-16). Suppose 2*w = 3*m + f, -7*w - 35 = -2*w + 2*m. Calculate d(w).
7
Let r(n) = n**2 + 3*n + 9. Let s = -611 - -538. Let o = s - -69. Determine r(o).
13
Let u(g) = g**3 - 16*g**2 + 24*g + 52. Suppose -y = -2*o - 10, 0 = -82*y + 83*y - 3*o - 8. What is u(y)?
-4
Suppose -2*t + 18 = -5*t. Let q(c) = 3*c - 23. Let n(s) be the second derivative of s**3/3 - 11*s**2/2 - 12*s. Let p(l) = 5*n(l) - 3*q(l). Give p(t).
8
Let a(b) = -21*b + 4. Suppose 42*w = 44*w - 8. Calculate a(w).
-80
Let c(t) = -t**2 + 14*t + 88. Let h be c(19). Let b(a) = -17*a - 121. Calculate b(h).
-2
Let r be 9/486*12 - 619/(-9). Let p be (-14*(-1)/3)/((-46)/r). Let n(j) = j**2 + 10*j + 9. What is n(p)?
-12
Let z(p) = 3*p**3 - 5*p**2 + 4*p - 11. Let m be 6 - 5*(10 - 8). Let a(d) = -4*d**3 + 6*d**2 - 5*d + 9. Let q(h) = m*a(h) - 5*z(h). Determine q(0).
19
Let q(k) = k**3 + 10*k**2 - 6*k - 19. Let a = 6210 + -6220. Calculate q(a).
41
Suppose 14 + 4 = -6*n. Let k(z) = -2*z**2 + 70*z + 4. Let v(l) = 4*l**2 - 94*l - 5. Let a(r) = -4*k(r) - 3*v(r). Calculate a(n).
-43
Let x(r) = -19*r**2 + 155*r + 1457 - 1462 + 8*r**2. Give x(14).
9
Suppose -739 + 1315 = 9*v. Let n(b) = -v*b**2 + 94*b**2 - 31*b**2. Let k be (-8)/6 + (-4)/6. Determine n(k).
-4
Let a(x) be the second derivative of 103*x + 0 + 1/6*x**3 - 5*x**2. Calculate a(9).
-1
Let j(l) = -2*l - 20. Let m(w) = 16*w**2 + 15*w - 27 - 73*w - 2187*w**3 + 2188*w**3 - 12 + 14. Let n be m(-19). Determine j(n).
-8
Let d(h) = -43*h**2 - 6*h + 34. Let i(j) = 79*j**2 + 13*j - 67. Let m(o) = 11*d(o) + 6*i(o). What is m(-14)?
0
Let c(z) be the first derivative of -1/120*z**6 - 7/60*z**5 - 1/8*z**4 - 3/2*z**3 + 48 + z**2 + 0*z. Let s(h) be the second derivative of c(h). Give s(-7).
12
Suppose -5*k = 4*g - 4*k + 79, -45 = 3*g - 4*k. Let y = g - -13. Let v(t) = -838*t + 1676*t + t**2 - 830*t + 9. Calculate v(y).
-3
Let o(k) = k**2 - 17*k + 36. Let a be o(15). Let m be a/(-12)*-1*4. Let s(y) = y**3 - 5*y**2 + 8 - 3 - 2 - m. Give s(5).
1
Let w = 113 + -108. Suppose 19*n - 15*n + 3 = -w*g, 3*n = 4*g + 21. Let a(z) = -3*z + 3. Calculate a(n).
-6
Let l(i) = i**3 - 4*i**2 + 9*i - 8. Let v be (-15)/40*4/6*(-252)/21. Calculate l(v).
10
Let b(w) = 2*w. Let p(z) = -2*z**3 - z**2 + 4*z + 3. Let h be (-3)/2*20/(-6). Suppose 10 = -5*c - o + 6*o, -h*o - 4 = 2*c. Let q be p(c). Determine b(q).
14
Let u(i) = -14*i**2 + 4*i - 50. Let k(x) = 11*x**2 + 6*x + 49. Let d(v) = -5*k(v) - 4*u(v). Give d(47).
2
Let n(d) = -d**2 + 4028 - 2025 - d - 2005. What is n(0)?
-2
Let c(r) be the third derivative of -r**4/6 - 19*r**3/3 - 7547*r**2. Calculate c(12).
-86
Let w(r) = r**3 + 6*r**2 + 13*r - 6. Let d(u) = 3*u**3 + 14*u**2 + 26*u - 13. Let v(j) = 2*d(j) - 5*w(j). What is v(4)?
-16
Suppose -58*c + 95*c = -481. Let x(f) = f - 18. Give x(c).
-31
Let s(u) = 12*u**2 - u - 2. Suppose 3*m - 4*g = -0*g + 19, -4*g = 28. Calculate s(m).
109
Suppose -2 + 8 = 2*t. Let y(z) = z**2 + 14*z - 53. Let f be y(-24). Let c(u) = -95 - 3*u**2 + f + u**3 - u - 91. Calculate c(t).
-2
Let s(t) = -38*t - 1144. Let x be s(-30). Let j(a) = -a**3 - 4*a**2 + 5*a + 5. Calculate j(x).
-15
Suppose -30*n - 172 = -r, -17*n + 4*r + 62 = -22*n. Let u(q) = -23*q - 137. Calculate u(n).
1
Let w(b) be the third derivative of b**5/60 + 65*b**4/24 + 32*b**3/3 + 1949*b**2 + b. What is w(-1)?
0
Let w(h) be the third derivative of h**6/120 - h**5/12 - h**4/12 - 2*h**3/3 + 2*h**2. Let n be (-1 - 0)*(-63)/7. Suppose n*y - 5 = 8*y. Calculate w(y).
-14
Let b(g) = 1569 - 3167 - 5*g - g + 1587. Determine b(-9).
43
Let o(f) = 2*f**2 - 23*f - 23. Let c be (-84)/4*((-1)/6)/((-9)/(-36)). What is o(c)?
47
Suppose -26*s = -11*s - 45. Suppose i = -k + 5*k + 38, 5*k - 46 = -s*i. Let y(v) = -17*v + v**3 - 2*v**2 + i*v - v**2 - 4*v**2. What is y(6)?
-6
Let a(t) = t**2 + t + 4. Suppose -2*d + 182 = -4*w, 4*w + 3*d + 229 = 22. Let j be (5 + w/6)*-1. Determine a(j).
16
Let p(s) be the second derivative of -s**4/6 + 4*s**3 - 6*s**2 + 2311*s. Give p(11).
10
Let i(f) = -5*f + 49. Suppose -5*j + 25 + 0 = 2*h, 0 = -2*j + 2. Determine i(h).
-1
Let q = -12 - -21. Let w = -19 - -31. Let t(b) = -9 + 2*b**2 - 3*b**2 + 9 + 10*b - w. Determine t(q).
-3
Let a(b) = 19*b - 198. Let x(n) = -4*n - 7. Let j(z) = a(z) + 3*x(z). Calculate j(32).
5
Let g = -91 - -88. Let j be 7/((-7)/g)*1. Let b(v) = v - 2*v + 2*v - 74*v**3 + 11 + 73*v**j. Give b(0).
11
Let j(c) be the first derivative of -c**4 + c**2 + c + 61. Let p(x) = 8*x + 0*x + 7 - 10*x + 0*x. Let l be p(4). What is j(l)?
3
Let w(q) = -77*q**2 + 13*q + 1 - 11*q + 76*q**2 - 5*q. Calculate w(1).
-3